{"id":180,"date":"2025-10-18T13:56:31","date_gmt":"2025-10-18T13:56:31","guid":{"rendered":"https:\/\/przyszlam-po-wszystko.pl\/?page_id=180"},"modified":"2026-01-24T17:36:29","modified_gmt":"2026-01-24T17:36:29","slug":"terapia-indywidualna","status":"publish","type":"page","link":"https:\/\/przyszlam-po-wszystko.pl\/index.php\/terapia-indywidualna\/","title":{"rendered":"Terapia indywidualna"},"content":{"rendered":"\t\t<div data-elementor-type=\"wp-page\" data-elementor-id=\"180\" class=\"elementor elementor-180\" data-elementor-post-type=\"page\">\n\t\t\t\t<div class=\"elementor-element elementor-element-3a42274 e-flex e-con-boxed e-con e-parent\" data-id=\"3a42274\" data-element_type=\"container\">\n\t\t\t\t\t<div class=\"e-con-inner\">\n\t\t\t\t<div class=\"elementor-element elementor-element-3654327 elementor-widget elementor-widget-slider_revolution\" data-id=\"3654327\" data-element_type=\"widget\" data-widget_type=\"slider_revolution.default\">\n\t\t\t\t\t\n\t\t<div class=\"wp-block-themepunch-revslider\">\n\t\t\t<!-- START Pamie\u0107 PL REVOLUTION SLIDER 6.6.18 --><p class=\"rs-p-wp-fix\"><\/p>\n\t\t\t<rs-module-wrap id=\"rev_slider_16_1_wrapper\" data-source=\"gallery\" style=\"visibility:hidden;background:#ffffff;padding:0;\">\n\t\t\t\t<rs-module id=\"rev_slider_16_1\" class=\"rs-respect-topbar\" style=\"\" data-version=\"6.6.18\">\n\t\t\t\t\t<rs-slides style=\"overflow: hidden; position: absolute;\">\n\t\t\t\t\t\t<rs-slide style=\"position: absolute;\" data-key=\"rs-34\" data-title=\"Slide\" data-anim=\"eng:transitionPack;d:20;e:tpbasic;ms:2000;\" data-in=\"o:0;\" data-out=\"a:false;\" data-tpack='ef:water;iny:10;dplm:15;pp:blur;ppbt:motion;ppfbw:;'>\n\t\t\t\t\t\t\t<img fetchpriority=\"high\" decoding=\"async\" src=\"\/\/przyszlam-po-wszystko.pl\/wp-content\/plugins\/revslider-6.6.18-activated\/public\/assets\/assets\/dummy.png\" alt=\"\" title=\"honeyartstudio_ethereal_brain_made_of_delicate_feathers_float_c553a242-4c86-42bb-a930-e6bc060c211f_1 (1)\" width=\"1456\" height=\"816\" class=\"rev-slidebg tp-rs-img rs-lazyload\" data-lazyload=\"\/\/przyszlam-po-wszystko.pl\/wp-content\/uploads\/2025\/10\/honeyartstudio_ethereal_brain_made_of_delicate_feathers_float_c553a242-4c86-42bb-a930-e6bc060c211f_1-1.png\" data-parallax=\"4\" data-panzoom=\"d:10000;ss:100;se:120%;\" data-no-retina>\n<!--\n\t\t\t\t\t\t\t--><rs-layer\n\t\t\t\t\t\t\t\tid=\"slider-16-slide-34-layer-6\" \n\t\t\t\t\t\t\t\tdata-type=\"shape\"\n\t\t\t\t\t\t\t\tdata-rsp_ch=\"on\"\n\t\t\t\t\t\t\t\tdata-xy=\"x:c;xo:-1px,0,0,0;y:b;yo:-3px,-2px,-1px,0;\"\n\t\t\t\t\t\t\t\tdata-text=\"w:normal;s:20,16,12,7;l:0,20,15,9;\"\n\t\t\t\t\t\t\t\tdata-dim=\"w:3500px,2890px,2195px,1354px;h:310px,256px,194px,119px;\"\n\t\t\t\t\t\t\t\tdata-basealign=\"slide\"\n\t\t\t\t\t\t\t\tdata-frame_0=\"y:50,41,31,19;\"\n\t\t\t\t\t\t\t\tdata-frame_1=\"sp:2000;\"\n\t\t\t\t\t\t\t\tdata-frame_999=\"o:0;st:w;sR:7000;\"\n\t\t\t\t\t\t\t\tstyle=\"z-index:11;background:linear-gradient(rgba(247,247,247,0) 0%, rgba(12,12,12,1) 100%);\"\n\t\t\t\t\t\t\t> \n\t\t\t\t\t\t\t<\/rs-layer><!--\n\n\t\t\t\t\t\t\t--><a\n\t\t\t\t\t\t\t\tid=\"slider-16-slide-34-layer-7\" \n\t\t\t\t\t\t\t\tclass=\"rs-layer rev-btn\"\n\t\t\t\t\t\t\t\thref=\"https:\/\/buy.stripe.com\/dRm28j5hD3BN1vz9P1aAw01\" target=\"_self\"\n\t\t\t\t\t\t\t\tdata-type=\"button\"\n\t\t\t\t\t\t\t\tdata-rsp_ch=\"on\"\n\t\t\t\t\t\t\t\tdata-xy=\"x:c;xo:10px,8px,6px,0;yo:415px,342px,259px,495px;\"\n\t\t\t\t\t\t\t\tdata-text=\"w:normal;s:17,14,10,13;l:20,16,12,15;ls:1,0,0,0;\"\n\t\t\t\t\t\t\t\tdata-dim=\"minh:0px,none,none,none;\"\n\t\t\t\t\t\t\t\tdata-padding=\"t:12,10,8,10;r:35,29,22,30;b:12,10,8,10;l:35,29,22,30;\"\n\t\t\t\t\t\t\t\tdata-border=\"bor:30px,30px,30px,30px;\"\n\t\t\t\t\t\t\t\tdata-frame_0=\"x:0,0,0,0px;y:0,0,0,0px;sX:0.9;sY:0.9;\"\n\t\t\t\t\t\t\t\tdata-frame_1=\"x:0,0,0,0px;y:0,0,0,0px;e:power2.inOut;st:2080;sp:1000;sR:2080;\"\n\t\t\t\t\t\t\t\tdata-frame_999=\"o:0;st:w;sR:5920;\"\n\t\t\t\t\t\t\t\tdata-frame_hover=\"c:#000;bgc:#fff;bor:30px,30px,30px,30px;sp:200;\"\n\t\t\t\t\t\t\t\tstyle=\"z-index:12;background-color:rgba(0,0,0,0.75);font-family:'Roboto';text-transform:uppercase;\"\n\t\t\t\t\t\t\t>KUP<i class=\"fa-chevron-right\"><\/i> \n\t\t\t\t\t\t\t<\/a><!--\n\n\t\t\t\t\t\t\t--><rs-layer\n\t\t\t\t\t\t\t\tid=\"slider-16-slide-34-layer-11\" \n\t\t\t\t\t\t\t\tclass=\"tp-shape tp-shapewrapper tp-particlewave rs-pxl-1\"\n\t\t\t\t\t\t\t\tdata-type=\"shape\"\n\t\t\t\t\t\t\t\tdata-rsp_ch=\"on\"\n\t\t\t\t\t\t\t\tdata-xy=\"x:c;y:b;\"\n\t\t\t\t\t\t\t\tdata-text=\"w:normal;s:20,16,12,7;l:0,20,15,9;\"\n\t\t\t\t\t\t\t\tdata-dim=\"w:1797px,1483px,1126px,694px;h:902px,744px,565px,348px;\"\n\t\t\t\t\t\t\t\tdata-frame_0=\"rX:70deg;oZ:-50;\"\n\t\t\t\t\t\t\t\tdata-frame_1=\"oZ:-50;e:power4.inOut;st:1730;sp:1750;sR:1730;\"\n\t\t\t\t\t\t\t\tdata-frame_999=\"o:0;st:w;sR:5520;\"\n\t\t\t\t\t\t\t\t data-wpsdata='s:1%;c:100%;a:100%;rv:42;dpr:1;particleAmount:1500;gs:30%;ddfd:all;co:linear-gradient(rgba(251,200,212,1) 0%, rgba(151,149,240,1) 100%);b0:additive;tb:loop;as:10;e6:3;e7:0;e0:1;d3m:1;'\n\t\t\t\t\t\t\t\tstyle=\"z-index:4;background-color:rgba(0,0,0,0);\"\n\t\t\t\t\t\t\t> \n\t\t\t\t\t\t\t<\/rs-layer><!--\n\n\t\t\t\t\t\t\t--><rs-layer\n\t\t\t\t\t\t\t\tid=\"slider-16-slide-34-layer-14\" \n\t\t\t\t\t\t\t\tclass=\"rs-pxl-7\"\n\t\t\t\t\t\t\t\tdata-type=\"shape\"\n\t\t\t\t\t\t\t\tdata-rsp_ch=\"on\"\n\t\t\t\t\t\t\t\tdata-xy=\"x:c;xo:-189px,-156px,-118px,132px;y:m;yo:230px,189px,143px,-171px;\"\n\t\t\t\t\t\t\t\tdata-text=\"w:normal;s:20,16,12,7;l:0,20,15,9;\"\n\t\t\t\t\t\t\t\tdata-dim=\"w:100px,82px,62px,38px;h:100px,82px,62px,38px;\"\n\t\t\t\t\t\t\t\tdata-border=\"bor:250px,250px,250px,250px;\"\n\t\t\t\t\t\t\t\tdata-frame_0=\"sX:0.9;sY:0.9;bB:10px;\"\n\t\t\t\t\t\t\t\tdata-frame_1=\"st:1300;sp:2000;sR:1300;bB:10px;\"\n\t\t\t\t\t\t\t\tdata-frame_999=\"o:0;st:w;sR:5700;bB:10px;\"\n\t\t\t\t\t\t\t\tstyle=\"z-index:6;background-color:rgba(255,255,255,0.15);\"\n\t\t\t\t\t\t\t> \n\t\t\t\t\t\t\t<\/rs-layer><!--\n\n\t\t\t\t\t\t\t--><rs-layer\n\t\t\t\t\t\t\t\tid=\"slider-16-slide-34-layer-15\" \n\t\t\t\t\t\t\t\tdata-type=\"text\"\n\t\t\t\t\t\t\t\tdata-rsp_ch=\"on\"\n\t\t\t\t\t\t\t\tdata-xy=\"x:c;xo:0,0,0,-3px;y:t,t,t,m;yo:135px,111px,84px,-29px;\"\n\t\t\t\t\t\t\t\tdata-text=\"w:normal;s:62,51,38,26;l:69,56,42,28;fw:300;a:center;\"\n\t\t\t\t\t\t\t\tdata-dim=\"w:1098px,906px,688px,483px;minh:0,none,none,none;\"\n\t\t\t\t\t\t\t\tdata-frame_0=\"sX:0.9;sY:0.9;\"\n\t\t\t\t\t\t\t\tdata-frame_1=\"e:power2.inOut;st:1740;sp:1000;sR:1740;\"\n\t\t\t\t\t\t\t\tdata-frame_999=\"o:0;st:w;sR:6260;\"\n\t\t\t\t\t\t\t\tstyle=\"z-index:9;font-family:'Montserrat';\"\n\t\t\t\t\t\t\t>TERAPIA 1:1<br \/>\n5 SESJI | PLN 5,000.00 \n\t\t\t\t\t\t\t<\/rs-layer><!--\n\n\t\t\t\t\t\t\t--><rs-layer\n\t\t\t\t\t\t\t\tid=\"slider-16-slide-34-layer-18\" \n\t\t\t\t\t\t\t\tdata-type=\"text\"\n\t\t\t\t\t\t\t\tdata-rsp_ch=\"on\"\n\t\t\t\t\t\t\t\tdata-xy=\"x:c;xo:0,0,0,7px;y:m;yo:95px,78px,59px,60px;\"\n\t\t\t\t\t\t\t\tdata-text=\"w:normal;s:15,12,9,11;l:25,20,15,20;ls:2px,1px,0px,0px;fw:600;a:center;\"\n\t\t\t\t\t\t\t\tdata-dim=\"w:1126px,929px,705px,410px;minh:0px,none,none,none;\"\n\t\t\t\t\t\t\t\tdata-frame_0=\"sX:0.9;sY:0.9;\"\n\t\t\t\t\t\t\t\tdata-frame_1=\"e:power2.inOut;st:1900;sp:1000;sR:1900;\"\n\t\t\t\t\t\t\t\tdata-frame_999=\"o:0;st:w;sR:6100;\"\n\t\t\t\t\t\t\t\tstyle=\"z-index:10;background-color:rgba(209,209,209,0);font-family:'Montserrat';\"\n\t\t\t\t\t\t\t>To nie jest rozmowa. To raczej ca\u0142kowite zresetowanie systemu pami\u0119ci, obejmuj\u0105ce cia\u0142o, emocje, umys\u0142 i dusz\u0119. Ca\u0142y proces trwa kilka tygodni, ale ca\u0142kowicie zmienia \u017cycie. Nie uczysz si\u0119 my\u015ble\u0107 inaczej. Zaczynasz czu\u0107 inaczej i wtedy twoje \u017cycie naprawd\u0119 zaczyna si\u0119 zmienia\u0107. \n\t\t\t\t\t\t\t<\/rs-layer><!--\n\n\t\t\t\t\t\t\t--><rs-layer\n\t\t\t\t\t\t\t\tid=\"slider-16-slide-34-layer-20\" \n\t\t\t\t\t\t\t\tdata-type=\"shape\"\n\t\t\t\t\t\t\t\tdata-rsp_ch=\"on\"\n\t\t\t\t\t\t\t\tdata-xy=\"x:c;y:m;\"\n\t\t\t\t\t\t\t\tdata-text=\"w:normal;s:20,16,12,7;l:0,20,15,9;\"\n\t\t\t\t\t\t\t\tdata-dim=\"w:3500px,2890px,2195px,1354px;h:3500px,2890px,2195px,1354px;\"\n\t\t\t\t\t\t\t\tdata-frame_999=\"o:0;st:w;sR:8700;\"\n\t\t\t\t\t\t\t\tstyle=\"z-index:3;background-color:rgba(12,12,12,0.19);\"\n\t\t\t\t\t\t\t> \n\t\t\t\t\t\t\t<\/rs-layer><!--\n-->\t\t\t\t\t\t<\/rs-slide>\n\t\t\t\t\t<\/rs-slides>\n\t\t\t\t\t<rs-static-layers><!--\n\n\t\t\t\t\t\t\t--><rs-layer\n\t\t\t\t\t\t\t\tid=\"slider-16-slide-16-layer-17\" \n\t\t\t\t\t\t\t\tclass=\"tp-shape tp-shapewrapper tp-bubblemorph rs-noevents rs-layer-static\"\n\t\t\t\t\t\t\t\tdata-type=\"shape\"\n\t\t\t\t\t\t\t\tdata-xy=\"x:c;y:m;\"\n\t\t\t\t\t\t\t\tdata-text=\"w:normal;\"\n\t\t\t\t\t\t\t\tdata-dim=\"w:130px;h:130px;\"\n\t\t\t\t\t\t\t\tdata-vbility=\"t,t,t,f\"\n\t\t\t\t\t\t\t\tdata-basealign=\"slide\"\n\t\t\t\t\t\t\t\tdata-rsp_o=\"off\"\n\t\t\t\t\t\t\t\tdata-rsp_bd=\"off\"\n\t\t\t\t\t\t\t\tdata-onslides=\"s:1;\"\n\t\t\t\t\t\t\t\tdata-ford=\"frame_0;frame_1;frame_2;frame_3;frame_999;\"\n\t\t\t\t\t\t\t\tdata-frame_0=\"sX:0.9;sY:0.9;\"\n\t\t\t\t\t\t\t\tdata-frame_1=\"o:0.25;st:700;sp:2000;sR:700;\"\n\t\t\t\t\t\t\t\tdata-frame_999=\"o:0;st:w;sR:4200;\"\n\t\t\t\t\t\t\t\tdata-frame_2=\"sX:1.5;sY:1.5;o:0.25;e:back.out;st:3000;sp:1000;sR:300;\"\n\t\t\t\t\t\t\t\tdata-frame_3=\"sX:1;sY:1;o:0.25;st:4300;sp:500;sR:300;\"\n\t\t\t\t\t\t\t\tdata-bubblemorph='{\"bg\":\"rgba(255,255,255,0)\",\"num\":\"8|6|6|6\",\"bufferx\":\"30px|0|0|0\",\"buffery\":\"30px|0|0|0\",\"speedx\":\"0.01|0.25|0.25|0.25\",\"speedy\":\"0.01|1|1|1\",\"bordercolor\":\"#ffffff|#000000|#000000|#000000\",\"bordersize\":\"1px|0|0|0\"}' \n\t\t\t\t\t\t\t\tstyle=\"z-index:8;background-color:rgba(255,255,255,0);\"\n\t\t\t\t\t\t\t> \n\t\t\t\t\t\t\t<\/rs-layer><!--\n\t\t\t\t\t--><\/rs-static-layers>\n\t\t\t\t<\/rs-module>\n\t\t\t\t<script>\n\t\t\t\t\tsetREVStartSize({c: 'rev_slider_16_1',rl:[1240,1024,778,480],el:[500,768,960,720],gw:[1240,1024,778,480],gh:[500,768,960,720],type:'standard',justify:'',layout:'fullscreen',offsetContainer:'#masthead',offset:'',mh:\"0\"});if (window.RS_MODULES!==undefined && window.RS_MODULES.modules!==undefined && window.RS_MODULES.modules[\"revslider161\"]!==undefined) {window.RS_MODULES.modules[\"revslider161\"].once = false;window.revapi16 = undefined;if (window.RS_MODULES.checkMinimal!==undefined) window.RS_MODULES.checkMinimal()}\n\t\t\t\t<\/script>\n\t\t\t<\/rs-module-wrap>\n\t\t\t<!-- END REVOLUTION SLIDER -->\n<\/div>\n\n\t\t\t\t\t\t<\/div>\n\t\t\t\t\t<\/div>\n\t\t\t\t<\/div>\n\t\t<div class=\"elementor-element elementor-element-398fdc4 e-flex e-con-boxed e-con e-parent\" data-id=\"398fdc4\" data-element_type=\"container\" data-settings=\"{&quot;background_background&quot;:&quot;classic&quot;}\">\n\t\t\t\t\t<div class=\"e-con-inner\">\n\t\t\t\t<div class=\"elementor-element elementor-element-273cf66 elementor-invisible elementor-widget elementor-widget-text-editor\" data-id=\"273cf66\" data-element_type=\"widget\" data-settings=\"{&quot;_animation&quot;:&quot;fadeInUp&quot;}\" data-widget_type=\"text-editor.default\">\n\t\t\t\t\t\t\t\t\t<p>PRACA W NAJWY\u017bSZEJ DOST\u0118PNEJ CZ\u0118STOTLIWO\u015aCI SYSTEMU<\/p>\t\t\t\t\t\t\t\t<\/div>\n\t\t\t\t<div class=\"elementor-element elementor-element-2cb120be elementor-invisible elementor-widget elementor-widget-text-editor\" data-id=\"2cb120be\" data-element_type=\"widget\" data-settings=\"{&quot;_animation&quot;:&quot;fadeInUp&quot;}\" data-widget_type=\"text-editor.default\">\n\t\t\t\t\t\t\t\t\t<p>To nie jest terapia klasyczna.<\/p><p>To nie jest coaching.<\/p><p>To nie jest rozmowa.<\/p><p>To jest usuwanie pami\u0119ci i ustawianie cz\u0142owieka w czasie rzeczywistym \u2014 1:1, tylko dla os\u00f3b gotowych.<\/p><p>Pracuj\u0119 z Tob\u0105 tak, jak dzia\u0142a system:<\/p><p>konkretnie, szybko, bez analizy, bez opowie\u015bci.<\/p><p>\u00a0<\/p>\t\t\t\t\t\t\t\t<\/div>\n\t\t\t\t<div class=\"elementor-element elementor-element-3f5ada9 elementor-invisible elementor-widget elementor-widget-text-editor\" data-id=\"3f5ada9\" data-element_type=\"widget\" data-settings=\"{&quot;_animation&quot;:&quot;fadeInUp&quot;}\" data-widget_type=\"text-editor.default\">\n\t\t\t\t\t\t\t\t\t<p>\u00a0CO TO JEST ZA PRACA<\/p>\t\t\t\t\t\t\t\t<\/div>\n\t\t\t\t<div class=\"elementor-element elementor-element-3dc5e144 elementor-invisible elementor-widget elementor-widget-text-editor\" data-id=\"3dc5e144\" data-element_type=\"widget\" data-settings=\"{&quot;_animation&quot;:&quot;fadeInUp&quot;}\" data-widget_type=\"text-editor.default\">\n\t\t\t\t\t\t\t\t\t<p>To jest 5 sesji, podczas kt\u00f3rych:<br \/><br \/><\/p><p><strong>1. Usuwam pami\u0119\u0107, kt\u00f3ra kieruje Twoim \u017cyciem<\/strong><\/p><p>&#8211; pami\u0119\u0107 dzieci\u0144stwa<\/p><p><span style=\"font-size: 16px;\">&#8211; pami\u0119\u0107 poprzednich relacji<\/span><\/p><p><span style=\"font-size: 16px;\">&#8211; pami\u0119\u0107 zdrad<\/span><\/p><p><span style=\"font-size: 16px;\">&#8211; pami\u0119\u0107 braku<\/span><\/p><p><span style=\"font-size: 16px;\">&#8211; pami\u0119\u0107 b\u00f3lu<\/span><\/p><p><span style=\"font-size: 16px;\">&#8211; pami\u0119\u0107 pora\u017cek<\/span><\/p><p><span style=\"font-size: 16px;\">&#8211; pami\u0119\u0107 rodow\u0105<\/span><\/p><p>To s\u0105 warstwy, kt\u00f3re decydowa\u0142y za Ciebie przez lata.<\/p><p>Podczas sesji zdejmuje je system \u2014 jedna po drugiej.<br \/><br \/><\/p><p><strong>2. Resetuj\u0119 Twoje reakcje, emocje i cia\u0142o<\/strong><\/p><p>&#8211; znika l\u0119k<\/p><p><span style=\"font-size: 16px;\">&#8211; znika napi\u0119cie<\/span><\/p><p><span style=\"font-size: 16px;\">&#8211; znika chaos<\/span><\/p><p><span style=\"font-size: 16px;\">&#8211; znika panika<\/span><\/p><p><span style=\"font-size: 16px;\">&#8211; znika nieufno\u015b\u0107<\/span><\/p><p><span style=\"font-size: 16px;\">&#8211; znika stres na partnera<\/span><\/p><p><span style=\"font-size: 16px;\">&#8211; znika mechanika przetrwania<\/span><\/p><p>W\u0142\u0105cza si\u0119 spok\u00f3j, obecno\u015b\u0107 i jasno\u015b\u0107 \u2014 natychmiast.<br \/><br \/><\/p><p><strong>3. Ustawiam Twoje pole tak, \u017ceby otworzy\u0107 ruch:<\/strong><\/p><p>&#8211; w relacjach<\/p><p><span style=\"font-size: 16px;\">&#8211; w pieni\u0105dzach<\/span><\/p><p><span style=\"font-size: 16px;\">&#8211; w decyzjach<\/span><\/p><p><span style=\"font-size: 16px;\">&#8211; w pracy<\/span><\/p><p><span style=\"font-size: 16px;\">&#8211; w kierunku Duszy<\/span><\/p><p>System zmienia Tw\u00f3j Level i Twoje reakcje zaczynaj\u0105 Ci\u0119 nie\u015b\u0107 \u2014 zamiast blokowa\u0107.<br \/><br \/><\/p><p><strong>4. Odczytuj\u0119 Twoj\u0105 mechanik\u0119<\/strong><\/p><p>Podczas sesji widz\u0119:<\/p><p>&#8211; co jest Twoje,<\/p><p><span style=\"font-size: 16px;\">&#8211; co jest cudze,<\/span><\/p><p><span style=\"font-size: 16px;\">&#8211; co jest projekcj\u0105,<\/span><\/p><p><span style=\"font-size: 16px;\">&#8211; co jest pami\u0119ci\u0105,<\/span><\/p><p><span style=\"font-size: 16px;\">&#8211; co jest prawd\u0105,<\/span><\/p><p><span style=\"font-size: 16px;\">&#8211; co prowadzi Ci\u0119 dalej.<\/span><\/p><p>To daje Ci jasno\u015b\u0107, kt\u00f3ra zostaje na lata.<br \/><br \/><\/p><p><strong>5. Zamykam stare linie \u017cycia<\/strong><\/p><p>Je\u015bli jaka\u015b relacja, trauma, partner, zdrada, strach czy historia wci\u0105\u017c trzyma Ci\u0119 w miejscu \u2014 zamkn\u0119 j\u0105 w Twoim systemie.<br \/><br \/><\/p><p>Nie poprzez rozmow\u0119.<\/p><p>Przez mechanik\u0119 pami\u0119ci.<\/p>\t\t\t\t\t\t\t\t<\/div>\n\t\t\t\t<div class=\"elementor-element elementor-element-03e2ddf elementor-invisible elementor-widget elementor-widget-text-editor\" data-id=\"03e2ddf\" data-element_type=\"widget\" data-settings=\"{&quot;_animation&quot;:&quot;fadeInUp&quot;}\" data-widget_type=\"text-editor.default\">\n\t\t\t\t\t\t\t\t\t<p>\u00a0<\/p><p>\u00a0EFEKT TERAPII (REALNY, NAMIERZALNY)<\/p>\t\t\t\t\t\t\t\t<\/div>\n\t\t\t\t<div class=\"elementor-element elementor-element-4c6b1f5c elementor-invisible elementor-widget elementor-widget-text-editor\" data-id=\"4c6b1f5c\" data-element_type=\"widget\" data-settings=\"{&quot;_animation&quot;:&quot;fadeInUp&quot;}\" data-widget_type=\"text-editor.default\">\n\t\t\t\t\t\t\t\t\t<p>Po 5 sesjach:<\/p><p>\u00a0<\/p><p>\u2714 nie czujesz obcych emocji<\/p><p>\u2714 wiesz, czego chcesz<\/p><p>\u2714 nie boisz si\u0119 przysz\u0142o\u015bci<\/p><p>\u2714 wiesz, jak dzia\u0142a Tw\u00f3j cz\u0142owiek<\/p><p>\u2714 rozpoznajesz intencje ludzi<\/p><p>\u2714 rozumiesz wszystkie mechaniki w relacji<\/p><p>\u2714 znika reakcja \u201edziecka\u201d<\/p><p>\u2714 zaczynasz dzia\u0142a\u0107 jako \u015bwiadomo\u015b\u0107<\/p><p>\u2714 otwieraj\u0105 si\u0119 pieni\u0105dze<\/p><p>\u2714 cia\u0142o wraca do r\u00f3wnowagi<\/p><p>\u2714 decyzje staj\u0105 si\u0119 oczywiste<\/p><p>\u2714 wraca spok\u00f3j, kt\u00f3rego nie mia\u0142a\u015b nigdy<\/p><p>\u00a0<\/p><p>To jest praca, kt\u00f3ra zmienia fundamenty Twojej \u015bwiadomo\u015bci.<\/p>\t\t\t\t\t\t\t\t<\/div>\n\t\t\t\t<div class=\"elementor-element elementor-element-1627ee6d elementor-invisible elementor-widget elementor-widget-text-editor\" data-id=\"1627ee6d\" data-element_type=\"widget\" data-settings=\"{&quot;_animation&quot;:&quot;fadeInUp&quot;}\" data-widget_type=\"text-editor.default\">\n\t\t\t\t\t\t\t\t\t<p>\u00a0<\/p><p><strong>CO OTRZYMUJESZ W RAMACH 5000 Z\u0141<br \/><br \/><\/strong><\/p><p>\u2022 5 sesji 1:1\u00a0<\/p><p>\u2022 pe\u0142ny reset pami\u0119ci i ustawienie Twojego Levelu<\/p><p>\u2022 Twoj\u0105 osobist\u0105 mechanik\u0119 dzia\u0142ania<\/p><p>\u2022 Twoje narz\u0119dzia i kody pracy<\/p><p>\u2022 dok\u0142adne wskazania dla relacji, pieni\u0119dzy i kierunku<br \/><br \/><br \/><\/p><p><strong>DLA KOGO JEST TA PRACA<br \/><br \/><\/strong><\/p><p>Dla osoby, kt\u00f3ra:<\/p><p>\u2022 chce szybko i skutecznie zmieni\u0107 swoje \u017cycie,<\/p><p>\u2022 nie znosi terapii rozmow\u0105,<\/p><p>\u2022 chce efekt\u00f3w od razu,<\/p><p>\u2022 ma du\u017ce obci\u0105\u017cenie emocjonalne,<\/p><p>\u2022 nosi strach po zdradach,<\/p><p>\u2022 czuje chaos w relacjach,<\/p><p>\u2022 ma zaci\u0119cie finansowe lub \u017cyciowe,<\/p><p>\u2022 chce wiedzie\u0107, jak dzia\u0142a jej cz\u0142owiek naprawd\u0119.<\/p>\t\t\t\t\t\t\t\t<\/div>\n\t\t\t\t\t<\/div>\n\t\t\t\t<\/div>\n\t\t\t\t<\/div>\n\t\t","protected":false},"excerpt":{"rendered":"<p>PRACA W NAJWY\u017bSZEJ DOST\u0118PNEJ CZ\u0118STOTLIWO\u015aCI SYSTEMU To nie jest terapia klasyczna. To nie jest coaching. To nie jest rozmowa. To [&hellip;]<\/p>\n","protected":false},"author":1,"featured_media":0,"parent":0,"menu_order":0,"comment_status":"closed","ping_status":"closed","template":"elementor_header_footer","meta":{"site-sidebar-layout":"no-sidebar","site-content-layout":"","ast-site-content-layout":"full-width-container","site-content-style":"default","site-sidebar-style":"default","ast-global-header-display":"","ast-banner-title-visibility":"","ast-main-header-display":"","ast-hfb-above-header-display":"","ast-hfb-below-header-display":"","ast-hfb-mobile-header-display":"","site-post-title":"disabled","ast-breadcrumbs-content":"","ast-featured-img":"disabled","footer-sml-layout":"","ast-disable-related-posts":"","theme-transparent-header-meta":"","adv-header-id-meta":"","stick-header-meta":"","header-above-stick-meta":"","header-main-stick-meta":"","header-below-stick-meta":"","astra-migrate-meta-layouts":"default","ast-page-background-enabled":"default","ast-page-background-meta":{"desktop":{"background-color":"var(--ast-global-color-5)","background-image":"","background-repeat":"repeat","background-position":"center center","background-size":"auto","background-attachment":"scroll","background-type":"","background-media":"","overlay-type":"","overlay-color":"","overlay-opacity":"","overlay-gradient":""},"tablet":{"background-color":"","background-image":"","background-repeat":"repeat","background-position":"center center","background-size":"auto","background-attachment":"scroll","background-type":"","background-media":"","overlay-type":"","overlay-color":"","overlay-opacity":"","overlay-gradient":""},"mobile":{"background-color":"","background-image":"","background-repeat":"repeat","background-position":"center center","background-size":"auto","background-attachment":"scroll","background-type":"","background-media":"","overlay-type":"","overlay-color":"","overlay-opacity":"","overlay-gradient":""}},"ast-content-background-meta":{"desktop":{"background-color":"var(--ast-global-color-4)","background-image":"","background-repeat":"repeat","background-position":"center center","background-size":"auto","background-attachment":"scroll","background-type":"","background-media":"","overlay-type":"","overlay-color":"","overlay-opacity":"","overlay-gradient":""},"tablet":{"background-color":"var(--ast-global-color-4)","background-image":"","background-repeat":"repeat","background-position":"center center","background-size":"auto","background-attachment":"scroll","background-type":"","background-media":"","overlay-type":"","overlay-color":"","overlay-opacity":"","overlay-gradient":""},"mobile":{"background-color":"var(--ast-global-color-4)","background-image":"","background-repeat":"repeat","background-position":"center center","background-size":"auto","background-attachment":"scroll","background-type":"","background-media":"","overlay-type":"","overlay-color":"","overlay-opacity":"","overlay-gradient":""}},"footnotes":""},"class_list":["post-180","page","type-page","status-publish","hentry"],"yoast_head":"<!-- This site is optimized with the Yoast SEO plugin v26.8 - https:\/\/yoast.com\/product\/yoast-seo-wordpress\/ -->\n<title>Terapia indywidualna - Przyszlam po wszystko<\/title>\n<meta name=\"robots\" content=\"index, follow, max-snippet:-1, max-image-preview:large, max-video-preview:-1\" \/>\n<link rel=\"canonical\" href=\"https:\/\/przyszlam-po-wszystko.pl\/index.php\/terapia-indywidualna\/\" \/>\n<meta property=\"og:locale\" content=\"en_US\" \/>\n<meta property=\"og:type\" content=\"article\" \/>\n<meta property=\"og:title\" content=\"Terapia indywidualna - Przyszlam po wszystko\" \/>\n<meta property=\"og:description\" content=\"PRACA W NAJWY\u017bSZEJ DOST\u0118PNEJ CZ\u0118STOTLIWO\u015aCI SYSTEMU To nie jest terapia klasyczna. To nie jest coaching. To nie jest rozmowa. To [&hellip;]\" \/>\n<meta property=\"og:url\" content=\"https:\/\/przyszlam-po-wszystko.pl\/index.php\/terapia-indywidualna\/\" \/>\n<meta property=\"og:site_name\" content=\"Przyszlam po wszystko\" \/>\n<meta property=\"article:modified_time\" content=\"2026-01-24T17:36:29+00:00\" \/>\n<meta name=\"twitter:card\" content=\"summary_large_image\" \/>\n<meta name=\"twitter:label1\" content=\"Est. reading time\" \/>\n\t<meta name=\"twitter:data1\" content=\"3 minutes\" \/>\n<script type=\"application\/ld+json\" class=\"yoast-schema-graph\">{\"@context\":\"https:\/\/schema.org\",\"@graph\":[{\"@type\":\"WebPage\",\"@id\":\"https:\/\/przyszlam-po-wszystko.pl\/index.php\/terapia-indywidualna\/\",\"url\":\"https:\/\/przyszlam-po-wszystko.pl\/index.php\/terapia-indywidualna\/\",\"name\":\"Terapia indywidualna - Przyszlam po wszystko\",\"isPartOf\":{\"@id\":\"https:\/\/przyszlam-po-wszystko.pl\/#website\"},\"datePublished\":\"2025-10-18T13:56:31+00:00\",\"dateModified\":\"2026-01-24T17:36:29+00:00\",\"breadcrumb\":{\"@id\":\"https:\/\/przyszlam-po-wszystko.pl\/index.php\/terapia-indywidualna\/#breadcrumb\"},\"inLanguage\":\"en-US\",\"potentialAction\":[{\"@type\":\"ReadAction\",\"target\":[\"https:\/\/przyszlam-po-wszystko.pl\/index.php\/terapia-indywidualna\/\"]}]},{\"@type\":\"BreadcrumbList\",\"@id\":\"https:\/\/przyszlam-po-wszystko.pl\/index.php\/terapia-indywidualna\/#breadcrumb\",\"itemListElement\":[{\"@type\":\"ListItem\",\"position\":1,\"name\":\"Home\",\"item\":\"https:\/\/przyszlam-po-wszystko.pl\/\"},{\"@type\":\"ListItem\",\"position\":2,\"name\":\"Terapia indywidualna\"}]},{\"@type\":\"WebSite\",\"@id\":\"https:\/\/przyszlam-po-wszystko.pl\/#website\",\"url\":\"https:\/\/przyszlam-po-wszystko.pl\/\",\"name\":\"Przyszlam po wszystko\",\"description\":\"\",\"potentialAction\":[{\"@type\":\"SearchAction\",\"target\":{\"@type\":\"EntryPoint\",\"urlTemplate\":\"https:\/\/przyszlam-po-wszystko.pl\/?s={search_term_string}\"},\"query-input\":{\"@type\":\"PropertyValueSpecification\",\"valueRequired\":true,\"valueName\":\"search_term_string\"}}],\"inLanguage\":\"en-US\"}]}<\/script>\n<!-- \/ Yoast SEO plugin. -->","yoast_head_json":{"title":"Terapia indywidualna - Przyszlam po wszystko","robots":{"index":"index","follow":"follow","max-snippet":"max-snippet:-1","max-image-preview":"max-image-preview:large","max-video-preview":"max-video-preview:-1"},"canonical":"https:\/\/przyszlam-po-wszystko.pl\/index.php\/terapia-indywidualna\/","og_locale":"en_US","og_type":"article","og_title":"Terapia indywidualna - Przyszlam po wszystko","og_description":"PRACA W NAJWY\u017bSZEJ DOST\u0118PNEJ CZ\u0118STOTLIWO\u015aCI SYSTEMU To nie jest terapia klasyczna. To nie jest coaching. To nie jest rozmowa. To [&hellip;]","og_url":"https:\/\/przyszlam-po-wszystko.pl\/index.php\/terapia-indywidualna\/","og_site_name":"Przyszlam po wszystko","article_modified_time":"2026-01-24T17:36:29+00:00","twitter_card":"summary_large_image","twitter_misc":{"Est. reading time":"3 minutes"},"schema":{"@context":"https:\/\/schema.org","@graph":[{"@type":"WebPage","@id":"https:\/\/przyszlam-po-wszystko.pl\/index.php\/terapia-indywidualna\/","url":"https:\/\/przyszlam-po-wszystko.pl\/index.php\/terapia-indywidualna\/","name":"Terapia indywidualna - Przyszlam po wszystko","isPartOf":{"@id":"https:\/\/przyszlam-po-wszystko.pl\/#website"},"datePublished":"2025-10-18T13:56:31+00:00","dateModified":"2026-01-24T17:36:29+00:00","breadcrumb":{"@id":"https:\/\/przyszlam-po-wszystko.pl\/index.php\/terapia-indywidualna\/#breadcrumb"},"inLanguage":"en-US","potentialAction":[{"@type":"ReadAction","target":["https:\/\/przyszlam-po-wszystko.pl\/index.php\/terapia-indywidualna\/"]}]},{"@type":"BreadcrumbList","@id":"https:\/\/przyszlam-po-wszystko.pl\/index.php\/terapia-indywidualna\/#breadcrumb","itemListElement":[{"@type":"ListItem","position":1,"name":"Home","item":"https:\/\/przyszlam-po-wszystko.pl\/"},{"@type":"ListItem","position":2,"name":"Terapia indywidualna"}]},{"@type":"WebSite","@id":"https:\/\/przyszlam-po-wszystko.pl\/#website","url":"https:\/\/przyszlam-po-wszystko.pl\/","name":"Przyszlam po wszystko","description":"","potentialAction":[{"@type":"SearchAction","target":{"@type":"EntryPoint","urlTemplate":"https:\/\/przyszlam-po-wszystko.pl\/?s={search_term_string}"},"query-input":{"@type":"PropertyValueSpecification","valueRequired":true,"valueName":"search_term_string"}}],"inLanguage":"en-US"}]}},"_links":{"self":[{"href":"https:\/\/przyszlam-po-wszystko.pl\/index.php\/wp-json\/wp\/v2\/pages\/180","targetHints":{"allow":["GET"]}}],"collection":[{"href":"https:\/\/przyszlam-po-wszystko.pl\/index.php\/wp-json\/wp\/v2\/pages"}],"about":[{"href":"https:\/\/przyszlam-po-wszystko.pl\/index.php\/wp-json\/wp\/v2\/types\/page"}],"author":[{"embeddable":true,"href":"https:\/\/przyszlam-po-wszystko.pl\/index.php\/wp-json\/wp\/v2\/users\/1"}],"replies":[{"embeddable":true,"href":"https:\/\/przyszlam-po-wszystko.pl\/index.php\/wp-json\/wp\/v2\/comments?post=180"}],"version-history":[{"count":116,"href":"https:\/\/przyszlam-po-wszystko.pl\/index.php\/wp-json\/wp\/v2\/pages\/180\/revisions"}],"predecessor-version":[{"id":990,"href":"https:\/\/przyszlam-po-wszystko.pl\/index.php\/wp-json\/wp\/v2\/pages\/180\/revisions\/990"}],"wp:attachment":[{"href":"https:\/\/przyszlam-po-wszystko.pl\/index.php\/wp-json\/wp\/v2\/media?parent=180"}],"curies":[{"name":"wp","href":"https:\/\/api.w.org\/{rel}","templated":true}]}}